 What is the highest common factor of s and 14?
14
Let q(g) be the first derivative of -5*g**2/2 - 25*g - 17. Let t be q(-6). Let a be 1/(-6) - (-482)/12. What is the greatest common divisor of t and a?
5
Let y be ((-5)/(-2) - 2) + 2/4. Let j be y - (-4)/14 - (-52)/(-182). Let c be ((-52)/(-8))/(j/6). What is the greatest common factor of 26 and c?
13
Suppose -2193 = 59*k - 1527 - 7215. Calculate the greatest common factor of k and 16539.
111
Let d be (-14)/(-2) - (-1)/(8/(-24)). Suppose 0*b + b - d = 0. Suppose 4*w + 5*u + 12 = u, -u - 13 = -b*w. What is the highest common divisor of w and 2?
2
Let a(r) = 4*r**3 - 7*r**2 - 35*r + 78. Let w be a(7). Calculate the greatest common factor of w and 2.
2
Suppose -q - 4*q + 15 = 0. Suppose 2*p = q*a - 30, 3*a + 2*a = 0. Let h = 27 + p. Calculate the highest common divisor of 36 and h.
12
Let v be 10 + -11 + -2 - (-327 - (5 - -1)). What is the highest common divisor of v and 810?
30
Let q be (10 - (5 + 3))/(3/2343). What is the greatest common divisor of q and 55?
11
Suppose -67*h + 62*h = 0. Suppose 18*x - 1013 - 607 = h. Let s = 104 + -74. Calculate the highest common divisor of s and x.
30
Let g(x) = 5*x + 222. Let c be g(-40). Suppose 3*n - 1118 = j, 550 - 164 = n + 3*j. Calculate the highest common factor of c and n.
22
Let s be (1 - -9)/(-5)*-46. Suppose -295 = -9*h + s. What is the highest common divisor of 43 and h?
43
Let i(s) = 5*s**2 - 54*s + 144. Let l be i(4). What is the greatest common factor of 2524 and l?
4
Let d = 1353 - 1340. Calculate the greatest common factor of 923 and d.
13
Let y(j) = 4*j**2 - 2*j + 10. Let i be y(-7). Suppose 11*b - 89 - 131 = 0. Calculate the highest common factor of i and b.
20
Suppose 175*a - 8 = 167*a. Let i(j) = -3*j**2 - 17*j + 10. Let b be i(-6). Calculate the highest common factor of a and b.
1
Let t(y) = y**2 - 4*y - 6. Let s be t(-4). Let u be (-38)/(-9) + (-24)/108. Suppose 15 = -u*f + 119. What is the greatest common divisor of s and f?
26
Let r = 109 + -82. Let d be (-8)/(48/r)*(-64)/3. Calculate the greatest common factor of 16 and d.
16
Let c(a) = -14*a + 1096. Let i be c(46). What is the greatest common divisor of i and 1243?
113
Let q = -14878 + 14898. Calculate the highest common divisor of q and 1048.
4
Let j = -1747 - -2019. Let r be 78/5 - 2/(-5). Calculate the highest common divisor of j and r.
16
Let t be 289/4 + 3/(-12). Let i(d) = -11*d - 11. Let c be i(11). Let r = c - -180. What is the greatest common factor of t and r?
24
Let j(h) = -5*h**3 - 88*h**2 - 12*h - 444. Let d be j(-18). Calculate the highest common factor of 924 and d.
84
Let t(d) = 22*d. Let z be t(6). Let n = -17035 + 17200. What is the greatest common factor of z and n?
33
Suppose -29 - 166 = -5*q + a, 2*q + 2*a = 78. Let r = -22 - -19. Let g be r/18 + (-79)/(-6). What is the highest common factor of g and q?
13
Suppose 29*w + 964 + 380 = 35*w. What is the highest common factor of 352 and w?
32
Let n = 38 + -28. Suppose h - 2 - n = 0. What is the highest common divisor of h and 21?
3
Suppose 6*r + 41118 = 17*r. Suppose -36*m = -r - 2382. Calculate the greatest common factor of m and 34.
34
Suppose -4*p = 20, -237*p = -4*c - 238*p + 12427. What is the highest common divisor of c and 588?
84
Let b be (2/1)/(12/798). Let j be b/2 + (-1)/2. What is the greatest common factor of 132 and j?
66
Let r = -566 + 575. Suppose 150 - 6 = q. Suppose 0*m + q = 4*m. Calculate the highest common divisor of r and m.
9
Suppose 13*a + 14682 = 58232. What is the highest common factor of 30 and a?
10
Let g(o) = -4259*o**3 + 2*o**2 - 1. Let s be g(-1). What is the highest common divisor of 60 and s?
60
Suppose 5452 = -4120*u + 4149*u. Calculate the greatest common divisor of u and 32.
4
Let y = -9356 - -9905. Calculate the greatest common factor of y and 122.
61
Let w be 26 + (-4)/2 - 6. Let h(v) = 2*v + v + 8 - 1 - 1. Let z be h(7). What is the highest common factor of z and w?
9
Suppose -138 = -6*c + 3*c. Let s = -112227 + 112296. Calculate the highest common divisor of c and s.
23
Let x = -508 + 513. Suppose 10*a - x*f = 12*a - 45, -35 = -3*a - f. What is the highest common divisor of a and 10?
10
Let p = 4156 - 2446. Calculate the highest common factor of 270 and p.
90
Suppose 5*k + 2*h - 24 = 29, -2*h + 44 = 4*k. Let a(c) = c + 1. Let o be a(k). What is the highest common factor of o and 410?
10
Let m be 19/(0 + -1)*(-22)/22. Let r = 2 - 0. Let a = m - r. What is the highest common factor of a and 68?
17
Suppose 4*j - 7*j + 111 = 0. Let x = j - 27. Let b be (25 - 26)/((-1)/x). Calculate the highest common divisor of 50 and b.
10
Let j be (16/(-28))/((-22)/77). Suppose 201 = 2*i + k, j*i - 495 = -3*i - k. Calculate the highest common divisor of 14 and i.
14
Let l = -828 + 864. What is the greatest common divisor of 208 and l?
4
Let z be 105/(10/2) - 0/((-48)/12). Suppose 0 = 5*p - 3*p - 10. Suppose -d + 2 = k, 4*k + 3*d = p*d + 38. Calculate the highest common factor of k and z.
7
Let c(w) = -w**2 - 87*w - 214. Let r be c(-81). What is the highest common factor of 918 and r?
34
Let a be (-228)/(-15) - (-28)/35. Let d = -1 + 11. Let n be (-26)/(-65) + 796/d. What is the greatest common factor of n and a?
16
Let l be (-864)/(-144) - (0 + -1018). What is the highest common divisor of 192 and l?
64
Suppose -83 = -4*n - 2*m + 3*m, -3*m - 51 = -3*n. Let a = 23 - n. What is the greatest common factor of 5 and a?
1
Let a(d) = 3*d**2 + 4*d - 4. Let x be a(3). Suppose -9*r - 397 + 467 = -2*r. Calculate the highest common factor of r and x.
5
Let f(b) = -b**3 + 3*b**2 + 12*b + 382. Let i be f(-11). What is the greatest common factor of i and 108?
108
Let o(j) = -3*j**2 - 200*j - 42. Let w be o(-66). Calculate the highest common divisor of w and 410.
10
Let t(y) = 2*y**2 + 15*y - 123. Let k be t(27). Calculate the greatest common factor of 420 and k.
60
Suppose 4*q = p + p + 118, 5 = p. Let t be 2/4*(237 + -7) - 0. Let m = -99 + t. Calculate the greatest common factor of m and q.
16
Let u(r) = 5*r**3 + 19*r + 8806. Let i be u(0). What is the greatest common factor of 74 and i?
74
Let j(b) = -10*b - 44. Let g be j(-5). Suppose -6*y - g*y + 168 = 0. What is the highest common divisor of 126 and y?
14
Let o be (-1479)/(-3)*(-4)/(-3 - 1). Let t = o + -438. Calculate the highest common factor of 15 and t.
5
Let s(y) = -y**2 + 8*y + 4. Let w be s(7). Suppose -3*d + w = -13. Let p = 31655 - 31623. Calculate the highest common factor of p and d.
8
Suppose 9*n = 1260 + 2367. Let z = 794 + -763. What is the highest common factor of n and z?
31
Let a = 2196 + -1281. What is the greatest common factor of a and 255?
15
Let a = 1980 + -1961. Calculate the greatest common factor of a and 1843.
19
Let g be 125/(-4) + 7/28. Let x = 42 + g. Suppose x*t = 13*t - 22. What is the highest common factor of 44 and t?
11
Suppose 17 = 2*i - i + p, i = 3*p + 5. Suppose -11620 = -345*c + 325*c. What is the greatest common divisor of i and c?
7
Let k be 18*(4/10 + (-30)/(-50)). What is the greatest common factor of 6561 and k?
9
Let v = 189 + -418. Let s = 286 + v. Calculate the greatest common divisor of s and 19.
19
Let a be ((-1)/(-6))/((20/114200)/(45/75)). Calculate the greatest common divisor of a and 3.
1
Let n(j) be the second derivative of j**5/20 - 35*j**4/12 + 43*j**3/2 - 5*j**2/2 - j - 39. Let r be n(31). Calculate the greatest common factor of 100 and r.
50
Let j(c) = -c**3 - 14*c**2 + 2*c + 32. Let v be j(-14). Let m be 0 + -4 - -6*2/v. Let g be m/(-2)*1800/12. What is the highest common factor of g and 15?
15
Let j be (2 - (-6)/(-4))*214. Let y = j + -59. Calculate the greatest common factor of 112 and y.
16
Suppose 32*g - 19*g = 1495. Let o = 124 - g. Suppose 3*p = 5*a - 255, 0*a + 265 = 5*a - p. Calculate the highest common factor of a and o.
9
Suppose -2*a + 0*a + 4*u = -114, -a + 3*u + 62 = 0. Let k = 49 - a. Suppose -231 + 93 = -k*o. What is the greatest common factor of 46 and o?
23
Let o(z) = -z**3 - 25*z**2 + 3*z + 57. Let d be o(-25). Let h be 1*12/d + (-104)/(-3). What is the greatest common divisor of h and 6?
2
Suppose -5*s = 4*f - 110, -4*s - 4 = -12. Let w be (-18)/4*(-60)/9*-5. Let m be (-3 + 1)/(3/w). What is the greatest common divisor of m and f?
25
Let j(w) = 4*w**2 - 71*w + 767. Let i be